m(c) = 1595*c - 39964. Give m(25).
-89
Let a(p) = 10*p - 496. Calculate a(40).
-96
Let l(u) = 10294*u - 40993. What is l(4)?
183
Let w(s) = 223*s**2 - 2751*s + 7730. Calculate w(8).
-6
Let s(d) = 6*d**2 + 5*d + 292. Calculate s(12).
1216
Let g(z) = z**2 - 411*z + 20357. Determine g(354).
179
Let r(s) = -1449*s**2 - 21719*s + 257. Give r(-15).
17
Let q(o) = o**3 - 26*o**2 + 159*o - 261. Determine q(18).
9
Let g(c) = -5564*c**2 + 61201*c + 33. What is g(11)?
0
Let n(q) = -q**3 - 189*q**2 - 95*q - 18141. Calculate n(-189).
-186
Let q(y) = -3*y**2 + 3931*y + 957810. Give q(-210).
0
Let a(h) = -h**3 - 16*h**2 + 737*h + 843. Calculate a(21).
3
Let f(p) = -29*p**2 + 41*p + 350. Give f(-5).
-580
Let w(x) = -494017*x - 27664939. Give w(-56).
13
Let c(h) = -h**3 - 79*h**2 + 5*h + 561. Determine c(-79).
166
Let h(c) = -58097*c + 219. What is h(0)?
219
Let d(j) = -4879*j - 17529. Give d(-4).
1987
Let z(w) = w**3 + 133*w**2 + 7120*w + 997655. Determine z(-135).
5
Let f(k) = -80*k**2 - 1579*k + 417. Give f(-20).
-3
Let j(r) = -2*r**3 + 162*r**2 + 343*r + 547. Calculate j(83).
1460
Let n(m) = m**3 - 3*m**2 - 27*m + 284. Determine n(7).
291
Let g(y) = 158*y**3 + 6*y**2 - y + 2. Give g(2).
1288
Let z(n) = 120086*n - 1320955. Determine z(11).
-9
Let t(c) = 2*c**3 + 63*c**2 + 62*c + 1. Calculate t(-1).
0
Let n(v) = 2*v**2 - 71*v + 579. Calculate n(19).
-48
Let n(k) = -107*k - 17473. Give n(-164).
75
Let t(y) = 1409*y - 7837. Give t(8).
3435
Let u(g) = -3*g**3 + 115*g**2 + 8*g - 1806. What is u(38)?
-58
Let l(v) = -42*v**2 + 404*v + 156. Calculate l(11).
-482
Let p(m) = -1699*m**3 - 3*m**2 + 73*m - 71. What is p(1)?
-1700
Let n(i) = 3505*i - 543273. What is n(155)?
2
Let b(o) = -o**3 - 10*o**2 - 4*o + 3. Determine b(-8).
-93
Let a(p) = -13*p**2 - 550*p + 3857. Give a(7).
-630
Let z(q) = -1033*q + 61989. Calculate z(60).
9
Let h(b) = 2*b**3 - 72*b**2 + 296*b - 146. Calculate h(4).
14
Let u(d) = 28*d**2 - 3147*d + 54504. Determine u(91).
-5
Let o(l) = -15*l**2 - 575*l - 3150. Determine o(-33).
-510
Let l(b) = -215*b - 8933. What is l(-48)?
1387
Let o(t) = 7*t**3 + 37*t**2 + 91*t + 428. Determine o(-5).
23
Let m(b) = -b**3 + 601*b**2 - 7078*b + 129. What is m(12)?
9
Let d(m) = 16342*m - 98036. Calculate d(6).
16
Let p(h) = 5*h**2 - 1205*h + 1205. Determine p(1).
5
Let t(g) = -3*g**3 - 42*g**2 + 4657*g - 12. Calculate t(-47).
-200
Let j(x) = -4*x**3 + 6*x**2 + 32. Determine j(-4).
384
Let d(s) = s**3 - 358*s**2 + 5470*s + 58. Determine d(16).
26
Let s(y) = y**2 - 115*y - 3596. What is s(-24)?
-260
Let a(t) = -2*t**3 - 53*t**2 - 393*t - 710. Determine a(-15).
10
Let p(a) = 25*a**2 - 68*a + 66. What is p(7)?
815
Let c(x) = 87*x**2 + 10717*x - 10801. Calculate c(1).
3
Let x(v) = -8*v - 13. Give x(11).
-101
Let t(n) = 487*n + 2513. Calculate t(-5).
78
Let r(t) = 614771*t - 4303383. Give r(7).
14
Let m(k) = 47*k**2 + 257*k + 108. What is m(-2)?
-218
Let l(c) = 6085*c - 79111. Determine l(13).
-6
Let h(i) = -i**2 - 7392*i - 4241672. Determine h(-627).
-17
Let k(s) = -640*s + 7867. What is k(12)?
187
Let x(l) = 3*l**2 - 27*l - 8544. Calculate x(58).
-18
Let a(h) = -269*h - 3440. Calculate a(-13).
57
Let q(z) = 3283*z - 827317. Give q(252).
-1
Let y(k) = -1170*k - 13766. Calculate y(-9).
-3236
Let g(n) = -4*n**3 + 10*n**2 - 14*n - 22. What is g(3)?
-82
Let x(s) = 16414*s - 98503. Calculate x(6).
-19
Let g(t) = -t**2 + 2416*t - 1314168. What is g(827)?
-65
Let x(s) = 2*s**3 - 54*s**2 - 371*s - 825. Calculate x(33).
0
Let s(u) = 59205*u + 1598507. Give s(-27).
-28
Let g(h) = -4*h**3 + 52*h**2 + 301*h - 3883. Determine g(13).
30
Let l(g) = 11292*g + 1750256. Give l(-155).
-4
Let m(d) = -d**3 + 283*d**2 - 1533*d + 599371. Calculate m(285).
16
Let s(t) = 782*t - 100813. What is s(129)?
65
Let s(m) = m**3 + 118*m**2 + 1962*m - 27621. Determine s(-94).
15
Let d(h) = 2*h**3 - 654*h**2 + 1341*h - 13313. What is d(325)?
12
Let h(j) = -j**3 + 138*j**2 + 794*j + 517. Give h(-5).
122
Let u(h) = 16*h**2 + 1318*h + 7345. What is u(-6)?
13
Let s(h) = -13*h**2 - 3085*h - 906. Give s(-237).
42
Let i(u) = 2*u**3 - 153*u**2 + 2901*u - 82. Give i(42).
44
Let l(w) = -6036*w - 174. Calculate l(0).
-174
Let x(g) = 341*g - 62050. Give x(182).
12
Let y(a) = 54*a + 5568. What is y(-114)?
-588
Let b(w) = -w**3 - 193*w**2 - 5527*w - 56. Calculate b(-35).
-161
Let k(i) = 26*i**3 - 12823*i**2 + 2518*i - 26122. Calculate k(493).
7
Let k(f) = 3*f**2 + 1250*f - 43074. Give k(32).
-2
Let z(q) = 22195*q + 44388. Give z(-2).
-2
Let f(l) = -143*l - 8178. Give f(-91).
4835
Let j(g) = -247*g**2 - 252*g + 734. Give j(3).
-2245
Let y(r) = -r**3 - 529*r**2 + 81744*r + 760. Determine y(125).
10
Let g(a) = 2022*a - 30794. Determine g(17).
3580
Let r(m) = 8*m**2 - 686*m + 1866. Give r(79).
-2400
Let d(c) = -121*c**2 + 3697*c - 19. Determine d(30).
1991
Let w(o) = 14415*o + 245062. What is w(-17)?
7
Let n(y) = -86*y**2 + 6882*y + 191. Calculate n(80).
351
Let i(g) = 53*g**2 + 197*g - 7. Calculate i(-2).
-189
Let l(n) = 2*n**3 - 33*n**2 + 139*n + 72. Give l(12).
444
Let w(r) = r**3 + 47*r**2 + 463*r - 343. Determine w(-32).
201
Let z(h) = 262*h + 20353. What is z(-77)?
179
Let f(r) = 189*r - 5846. Determine f(37).
1147
Let n(q) = 24638*q + 335. Calculate n(0).
335
Let o(d) = 31*d**2 - 11370*d - 36935. Calculate o(370).
65
Let l(f) = -18*f**3 - 15*f**2 - 18*f - 13. Calculate l(-4).
971
Let m(a) = 85*a + 1468. Give m(-18).
-62
Let n(l) = -46*l**3 - 710*l**2 - 304*l - 124. Calculate n(-15).
-64
Let p(o) = 20*o**3 + 522*o**2 + 87*o + 753. What is p(-26)?
-157
Let w(m) = 714*m + 36428. Calculate w(-51).
14
Let c(b) = 12*b**2 + 45*b - 128. What is c(4)?
244
Let n(p) = 3*p**3 + 779*p**2 - 264*p - 1083. What is n(-260)?
-43
Let l(d) = -703*d - 109672. Calculate l(-156).
-4
Let r(l) = 10366*l + 280351. Give r(-27).
469
Let x(t) = -10928*t - 65613. What is x(-6)?
-45
Let z(y) = -13793*y + 165538. Give z(12).
22
Let g(m) = m**2 + 2592. Give g(-56).
5728
Let m(a) = -9542*a - 543900. Calculate m(-57).
-6
Let i(l) = -71*l - 947. Give i(-58).
3171
Let m(o) = -o**3 + 46*o**2 - 77*o + 102. Give m(12).
4074
Let j(y) = y**2 + 949*y + 35606. Give j(-39).
116
Let h(v) = -42*v + 11690. What is h(266)?
518
Let o(n) = -15326*n + 1287381. Calculate o(84).
-3
Let t(r) = -58*r - 4282. What is t(-71)?
-164
Let o(a) = a**3 + 4*a**2 + 2259*a + 6782. Calculate o(-3).
14
Let u(c) = 461*c - 8897. Give u(19).
-138
Let m(q) = -7229*q - 28920. Determine m(-4).
-4
Let u(r) = 1512*r - 81641. Determine u(54).
7
Let m(p) = p**2 - 888*p - 468731. Give m(-372).
-11
Let n(z) = -104*z + 2506. What is n(36)?
-1238
Let t(v) = -73*v**2 - 1027*v + 1029. Give t(-15).
9
Let t(c) = -4448*c - 1232099. Determine t(-277).
-3
Let p(f) = 1076*f**3 + 37*f**2 + 43*f + 5. Give p(-1).
-1077
Let y(z) = -49*z + 2687. Calculate y(46).
433
Let c(d) = -4883*d**2 - 122081*d - 147. Determine c(-25).
3
Let o(v) = -v**3 - 20*v**2 - 17261*v - 137310. Calculate o(-8).
10
Let p(k) = -4480*k - 878044. Calculate p(-196).
36
Let q(s) = 27081*s - 135364. Determine q(5).
41
Let a(b) = -9*b**3 + 9*b**2 - 26*b - 60. What is a(-2)?
100
Let f(z) = 5*z**2 - 466*z - 164742. What is f(234)?
-6
Let f(r) = -r**2 - 45859*r - 1924303. Determine f(-42).
11
Let t(u) = 5503*u - 99005. Calculate t(18).
49
Let w(o) = 183*o**2 - 2170*o + 11. What is w(12)?
323
Let w(o) = -o**3 + 41*o**2 - 95*o - 3083. Determine w(36).
-23
Let y(z) = -72*z**2 + 2597*z - 300. Calculate y(36).
-120
Let c(t) = -772*t + 38907. What is c(49)?
1079
Let y(t) = -2*t**3 + 278*t**2 + 150*t - 20869. Determine y(139).
-19
Let x(w) = w**2 - 174*w + 7543. What is x(93)?
10
Let q(b) = -b**3 - 2824*b**2 + 277300*b + 468. Determine q(95).
-7
Let t(q) = -q**3 + 2*q**2 - 5*q + 8. Calculate t(8).
-416
Let p(o) = o**3 - 22*o**2 + 123*o - 2777. What is p(23)?
581
Let z(l) = -l**3 - 34*l**2 - 1089*l - 34828. What is z(-33)?
20
Let k(u) = -u**2 - 120569*u + 482291. What is k(4)?
-1
Let f(a) = -34611*a - 449947. Give f(-13).
-4
Let q(i) = 6*i**3 - 198*i**2 + 182*i + 580. Calculate q(32).
260
Let m(p) = -p**2 + 1351*p - 148922. Give m(121).
-92
Let v(k) = -2*k**2 + 158*k - 487. Calculate v(73).
389
Let q(s) = -7*s**3 - 351*s**2 - 213*s - 8147. Calculate q(-50).
3
Let m(f) = -1890*f**2 + 66143*f + 243. Calculate m(35).
-2
Let f(n) = -3*n**3 - 608*n**2 +